
Is 3633800 a multiple of 25?
True
Does 153 divide 260597?
False
Does 3 divide 170804?
False
Is 5060 a multiple of 20?
True
Does 94 divide 213380?
True
Is 790920 a multiple of 390?
True
Is 136 a factor of 1222534?
False
Does 7 divide 444863?
False
Does 2 divide 118453?
False
Is 6 a factor of 9690?
True
Is 2988684 a multiple of 36?
True
Is 11 a factor of 124344?
True
Does 54 divide 1862082?
True
Is 2924944 a multiple of 53?
False
Does 22 divide 3037096?
False
Does 37 divide 1655343?
True
Is 1074951 a multiple of 69?
True
Is 7 a factor of 46403?
True
Does 216 divide 2318328?
True
Is 7 a factor of 841069?
False
Is 5748795 a multiple of 450?
False
Is 66 a factor of 19986?
False
Is 2793000 a multiple of 76?
True
Is 1083663 a multiple of 309?
True
Does 26 divide 2667704?
True
Is 5162472 a multiple of 168?
True
Is 84 a factor of 109691?
False
Is 92 a factor of 3951952?
True
Does 683 divide 215145?
True
Does 65 divide 1765985?
True
Is 32953 a multiple of 2?
False
Is 9299102 a multiple of 31?
False
Is 2684 a multiple of 2?
True
Is 23933008 a multiple of 1672?
True
Is 10 a factor of 194167?
False
Does 24 divide 56736?
True
Is 89 a factor of 3529473?
True
Does 93 divide 25761?
True
Is 186 a factor of 12237548?
False
Is 162740 a multiple of 206?
True
Does 313 divide 627744?
False
Is 10477948 a multiple of 61?
False
Does 97 divide 26481?
True
Does 4 divide 139364?
True
Does 465 divide 569160?
True
Does 95 divide 2129045?
True
Does 20 divide 329309?
False
Does 322 divide 4326714?
True
Does 104 divide 52728?
True
Is 37 a factor of 71521?
True
Does 1089 divide 13233528?
True
Is 7 a factor of 880367?
False
Is 6872 a multiple of 8?
True
Does 207 divide 788660?
False
Is 44647 a multiple of 22?
False
Is 45 a factor of 334850?
False
Is 1032980 a multiple of 145?
True
Is 381 a factor of 293370?
True
Is 114 a factor of 279271?
False
Does 367 divide 256361?
False
Does 582 divide 598878?
True
Does 18 divide 10440310?
False
Is 1559376 a multiple of 546?
True
Is 219 a factor of 1012080?
False
Is 6 a factor of 11052012?
True
Is 4823199 a multiple of 622?
False
Is 262086 a multiple of 59?
False
Is 44173 a multiple of 25?
False
Is 301 a factor of 219126?
False
Does 6 divide 2861009?
False
Is 381 a factor of 3035138?
False
Does 969 divide 8038721?
False
Is 5237519 a multiple of 265?
False
Is 52002 a multiple of 18?
True
Is 57 a factor of 4108446?
True
Is 2810045 a multiple of 34?
False
Is 6 a factor of 110652?
True
Does 34 divide 289170?
True
Is 547792 a multiple of 14?
True
Does 18 divide 138297?
False
Does 379 divide 599957?
True
Is 593943 a multiple of 147?
False
Is 24206 a multiple of 38?
True
Is 12 a factor of 313980?
True
Does 919 divide 221509?
False
Does 22 divide 6858?
False
Does 23 divide 248998?
True
Is 38 a factor of 380076?
True
Does 5 divide 227555?
True
Does 15 divide 46035?
True
Is 2561141 a multiple of 4?
False
Does 8 divide 2723456?
True
Does 145 divide 7446620?
True
Is 220 a factor of 209183?
False
Does 476 divide 5856437?
False
Is 5037624 a multiple of 124?
True
Does 25 divide 46622?
False
Is 4050349 a multiple of 18?
False
Does 86 divide 1343456?
False
Does 10 divide 1024930?
True
Is 31 a factor of 15691?
False
Is 285911 a multiple of 249?
False
Does 122 divide 456524?
True
Is 11 a factor of 8536957?
True
Does 29 divide 7587589?
True
Does 5 divide 392670?
True
Does 191 divide 1481396?
True
Is 12 a factor of 1498658?
False
Is 520659 a multiple of 164?
False
Does 715 divide 3464148?
False
Is 40 a factor of 1568440?
True
Is 11099392 a multiple of 256?
True
Does 67 divide 7901980?
True
Does 6 divide 3318576?
True
Does 21 divide 134789?
False
Does 23 divide 5154875?
True
Does 102 divide 83538?
True
Is 6 a factor of 6654?
True
Is 215 a factor of 18275?
True
Is 11 a factor of 98131?
True
Does 17 divide 52466?
False
Does 24 divide 4939849?
False
Is 9 a factor of 9189?
True
Does 692 divide 60215?
False
Does 20 divide 2558348?
False
Is 220020 a multiple of 134?
False
Is 108 a factor of 688400?
False
Is 39 a factor of 124137?
True
Does 3 divide 67662?
True
Does 331 divide 7025475?
True
Is 53 a factor of 318795?
True
Is 316536 a multiple of 436?
True
Is 112 a factor of 1712928?
True
Is 858120 a multiple of 16?
False
Does 4 divide 122028?
True
Does 26 divide 606452?
False
Is 33337 a multiple of 37?
True
Is 160 a factor of 29760?
True
Is 301492 a multiple of 38?
True
Is 80 a factor of 5725449?
False
Is 36 a factor of 724155?
False
Is 8372991 a multiple of 33?
True
Is 150 a factor of 137400?
True
Is 646392 a multiple of 24?
True
Is 227 a factor of 282161?
True
Does 6 divide 95548?
False
Is 9268758 a multiple of 219?
False
Is 85 a factor of 3365308?
False
Is 2935725 a multiple of 75?
True
Is 226 a factor of 3217336?
True
Is 4262676 a multiple of 566?
False
Is 3636749 a multiple of 503?
False
Is 12961602 a multiple of 63?
False
Is 14 a factor of 193830?
True
Is 268884 a multiple of 388?
True
Is 7 a factor of 683718?
True
Is 51250 a multiple of 2?
True
Does 556 divide 2376900?
True
Does 632 divide 175562?
False
Is 303 a factor of 50904?
True
Does 26 divide 68406?
True
Is 5 a factor of 153579?
False
Is 51428 a multiple of 26?
True
Is 1790684 a multiple of 38?
False
Is 111144 a multiple of 36?
False
Is 340 a factor of 42160?
True
Is 212 a factor of 2093288?
True
Is 1085697 a multiple of 27?
True
Does 48 divide 837312?
True
Does 140 divide 41177?
False
Is 4 a factor of 201415?
False
Is 578805 a multiple of 74?
False
Does 31 divide 5853110?
True
Is 14 a factor of 684978?
True
Is 888101 a multiple of 41?
True
Is 441 a factor of 11819241?
True
Is 363 a factor of 510391?
False
Does 781 divide 957506?
True
Is 415043 a multiple of 59?
False
Is 212927 a multiple of 143?
True
Is 5685884 a multiple of 253?
False
Does 9 divide 4292567?
False
Is 1342 a factor of 3514240?
False
Is 87568 a multiple of 104?
True
Is 7522310 a multiple of 33?
False
Is 217 a factor of 1922539?
False
Does 10 divide 4971500?
True
Is 97029 a multiple of 9?
True
Is 3845136 a multiple of 33?
False
Is 95 a factor of 1611667?
False
Is 112 a factor of 507066?
False
Is 64 a factor of 7119488?
True
Is 54 a factor of 201034?
False
Is 81 a factor of 97767?
True
Is 6555024 a multiple of 929?
True
Is 805896 a multiple of 156?
True
Is 2501919 a multiple of 193?
False
Is 492 a factor of 263760?
False
Does 430 divide 8707584?
False
Is 5 a factor of 112007?
False
Is 154104 a multiple of 21?
False
Is 38 a factor of 568872?
False
Is 3579384 a multiple of 527?
True
Is 25 a factor of 49183?
False
Is 3417170 a multiple of 5?
True
Does 47 divide 499734?
False
Is 16964174 a multiple of 158?
False
Does 24 divide 1174104?
True
Does 696 divide 7362633?
False
Does 45 divide 2294034?
False
Is 13753 a multiple of 137?
False
Is 784835 a multiple of 12?
False
Is 2339493 a multiple of 39?
True
Is 10 a factor of 135386?
False
Is 28671 a multiple of 57?
True
Does 321 divide 73137?
False
Is 7 a factor of 36813?
True
Is 606200 a multiple of 140?
True
Is 46 a multiple of 2?
True
Is 29 a factor of 1377968?
False
Is 10 a factor of 6780?
True
Is 62 a factor of 408547?
False
Does 3 divide 411?
True
Does 569 divide 172976?
True
Does 167 divide 768245?
False
Does 110 divide 81086?
False
Is 92779 a multiple of 3?
False
Is 708296 a multiple of 142?
True
Is 31719050 a multiple of 1142?
True
Is 413 a factor of 2986791?
False
Is 12545253 a multiple of 119?
False
Does 13 divide 28079700?
False
Does 173 divide 1039311?
False
Does 190 divide 102220?
True
Is 2 a factor of 63412?
True
Is 1120108 a multiple of 552?
False
Is 1696346 a multiple of 293?
False
Does 13 divide 372398?
True
Is 84 a factor of 142044?
True
Is 1198386 a multiple of 21?
True
Does 351 divide 273834?
False
Is 47233 a multiple of 359?
False
Does 13 divide 12345909?
False
Does 41 divide 96989?
False
Does 226 divide 21902790?
True
Does 33 divide 401379?
True
Is 2019495 a multiple of 43?
True
Does 5 divide 37335?
True
Is 68 a factor of 690279?
False
Is 45 a factor of 248220?
True
Does 191 divide 83668?
False
Is 190335 a multiple of 7?
False
Is 413 a factor of 394024?
False
Does 189 divide 4403889?
True
Is 380 a factor of 1140?
True
Is 1636873 a multiple of 4?
False
Does 76 divide 12295150?
False
Does 811 divide 3294680?
False
Is 12 a factor of 325068?
True
Does 105 divide 71295?
True
Does 8